{"id":2584,"date":"2018-07-12T21:00:14","date_gmt":"2018-07-12T19:00:14","guid":{"rendered":"http:\/\/palinkafozes.sk?page_id=2584"},"modified":"2024-10-09T19:00:06","modified_gmt":"2024-10-09T17:00:06","slug":"cefre-atvetele","status":"publish","type":"page","link":"https:\/\/palinkafozes.sk\/?page_id=2584","title":{"rendered":"Cefre \u00e1tv\u00e9tele"},"content":{"rendered":"<p>[et_pb_section fb_built=&#8221;1&#8243; admin_label=&#8221;section&#8221; _builder_version=&#8221;4.27.0&#8243; background_image=&#8221;https:\/\/palinkafozes.sk\/wp-content\/uploads\/2024\/10\/home_recipes_bg.jpg&#8221; custom_padding=&#8221;||600px|||&#8221; global_colors_info=&#8221;{}&#8221;][et_pb_row admin_label=&#8221;row&#8221; _builder_version=&#8221;4.27.0&#8243; background_color=&#8221;#fcf9ef&#8221; background_size=&#8221;initial&#8221; background_position=&#8221;top_left&#8221; background_repeat=&#8221;repeat&#8221; global_colors_info=&#8221;{}&#8221;][et_pb_column type=&#8221;4_4&#8243; _builder_version=&#8221;4.16&#8243; custom_padding=&#8221;|||&#8221; global_colors_info=&#8221;{}&#8221; custom_padding__hover=&#8221;|||&#8221;][et_pb_image src=&#8221;https:\/\/palinkafozes.sk\/wp-content\/uploads\/2015\/05\/pajzslogotextfinal.png&#8221; _builder_version=&#8221;4.27.0&#8243; _module_preset=&#8221;default&#8221; title_text=&#8221;pajzslogotextfinal&#8221; align=&#8221;center&#8221; hover_enabled=&#8221;0&#8243; sticky_enabled=&#8221;0&#8243;][\/et_pb_image][et_pb_text _builder_version=&#8221;4.27.0&#8243; _module_preset=&#8221;default&#8221; global_colors_info=&#8221;{}&#8221;]<\/p>\n<h1 style=\"text-align: center;\">Cefre \u00e1tv\u00e9tel<\/h1>\n<p>[\/et_pb_text][et_pb_text admin_label=&#8221;Text&#8221; _builder_version=&#8221;4.27.0&#8243; background_size=&#8221;initial&#8221; background_position=&#8221;top_left&#8221; background_repeat=&#8221;repeat&#8221; global_colors_info=&#8221;{}&#8221;]<\/p>\n<table style=\"border-collapse: collapse; width: 750px; height: 369px; margin-left: auto; margin-right: auto;\" border=\"0\" width=\"174\" cellspacing=\"0\" cellpadding=\"0\">\n<colgroup>\n<col style=\"width: 65pt;\" span=\"2\" width=\"87\" \/> <\/colgroup>\n<tbody>\n<tr style=\"height: 16.0pt;\">\n<td class=\"xl63\" style=\"height: 16pt; width: 65pt;\" width=\"87\" height=\"21\">H\u00c9TF\u0150:<\/td>\n<td style=\"width: 65pt;\" width=\"87\">8:00 \u2013 18:00<\/td>\n<\/tr>\n<tr style=\"height: 16.0pt;\">\n<td class=\"xl63\" style=\"height: 16.0pt;\" height=\"21\">KEDD:<\/td>\n<td>8:00 \u2013 14:00<\/td>\n<\/tr>\n<tr style=\"height: 16.0pt;\">\n<td class=\"xl63\" style=\"height: 16.0pt;\" height=\"21\">SZERDA:<\/td>\n<td>8:00 \u2013 18:00<\/td>\n<\/tr>\n<tr style=\"height: 16.0pt;\">\n<td class=\"xl63\" style=\"height: 16.0pt;\" height=\"21\">CS\u00dcT\u00d6RT\u00d6K:<\/td>\n<td>8:00 \u2013 14:00<\/td>\n<\/tr>\n<tr style=\"height: 16.0pt;\">\n<td class=\"xl63\" style=\"height: 16.0pt;\" height=\"21\">P\u00c9NTEK:<\/td>\n<td>8:00 \u2013 14:00<\/td>\n<\/tr>\n<\/tbody>\n<\/table>\n<p>[\/et_pb_text][\/et_pb_column][\/et_pb_row][\/et_pb_section]<\/p>\n","protected":false},"excerpt":{"rendered":"<p>Cefre \u00e1tv\u00e9tel H\u00c9TF\u0150: 8:00 \u2013 18:00 KEDD: 8:00 \u2013 14:00 SZERDA: 8:00 \u2013 18:00 CS\u00dcT\u00d6RT\u00d6K: 8:00 \u2013 14:00 P\u00c9NTEK: 8:00 \u2013 14:00<\/p>\n","protected":false},"author":1,"featured_media":0,"parent":0,"menu_order":0,"comment_status":"closed","ping_status":"closed","template":"","meta":{"_et_pb_use_builder":"on","_et_pb_old_content":"<table style=\"border-collapse: collapse; width: 750px; height: 369px;\" border=\"0\" width=\"174\" cellspacing=\"0\" cellpadding=\"0\"><colgroup> <col style=\"width: 65pt;\" span=\"2\" width=\"87\" \/> <\/colgroup>\r\n<tbody>\r\n<tr style=\"height: 16.0pt;\">\r\n<td class=\"xl63\" style=\"height: 16pt; width: 65pt;\" width=\"87\" height=\"21\">H\u00c9TF\u0150:<\/td>\r\n<td style=\"width: 65pt;\" width=\"87\">8:00-t\u00f3l \u2013 18:00-ig<\/td>\r\n<\/tr>\r\n<tr style=\"height: 16.0pt;\">\r\n<td class=\"xl63\" style=\"height: 16.0pt;\" height=\"21\">KEDD:<\/td>\r\n<td>8:00-t\u00f3l \u2013 14:00-ig<\/td>\r\n<\/tr>\r\n<tr style=\"height: 16.0pt;\">\r\n<td class=\"xl63\" style=\"height: 16.0pt;\" height=\"21\">SZERDA:<\/td>\r\n<td>8:00-t\u00f3l \u2013 18:00-ig<\/td>\r\n<\/tr>\r\n<tr style=\"height: 16.0pt;\">\r\n<td class=\"xl63\" style=\"height: 16.0pt;\" height=\"21\">CS\u00dcT\u00d6RT\u00d6K:<\/td>\r\n<td>8:00-t\u00f3l \u2013 14:00-ig<\/td>\r\n<\/tr>\r\n<tr style=\"height: 16.0pt;\">\r\n<td class=\"xl63\" style=\"height: 16.0pt;\" height=\"21\">P\u00c9NTEK:<\/td>\r\n<td>8:00-t\u00f3l \u2013 14:00-ig<\/td>\r\n<\/tr>\r\n<\/tbody>\r\n<\/table>","_et_gb_content_width":"","footnotes":""},"class_list":["post-2584","page","type-page","status-publish","hentry"],"_links":{"self":[{"href":"https:\/\/palinkafozes.sk\/index.php?rest_route=\/wp\/v2\/pages\/2584","targetHints":{"allow":["GET"]}}],"collection":[{"href":"https:\/\/palinkafozes.sk\/index.php?rest_route=\/wp\/v2\/pages"}],"about":[{"href":"https:\/\/palinkafozes.sk\/index.php?rest_route=\/wp\/v2\/types\/page"}],"author":[{"embeddable":true,"href":"https:\/\/palinkafozes.sk\/index.php?rest_route=\/wp\/v2\/users\/1"}],"replies":[{"embeddable":true,"href":"https:\/\/palinkafozes.sk\/index.php?rest_route=%2Fwp%2Fv2%2Fcomments&post=2584"}],"version-history":[{"count":12,"href":"https:\/\/palinkafozes.sk\/index.php?rest_route=\/wp\/v2\/pages\/2584\/revisions"}],"predecessor-version":[{"id":2702,"href":"https:\/\/palinkafozes.sk\/index.php?rest_route=\/wp\/v2\/pages\/2584\/revisions\/2702"}],"wp:attachment":[{"href":"https:\/\/palinkafozes.sk\/index.php?rest_route=%2Fwp%2Fv2%2Fmedia&parent=2584"}],"curies":[{"name":"wp","href":"https:\/\/api.w.org\/{rel}","templated":true}]}}