{"id":2384,"date":"2015-04-28T12:44:16","date_gmt":"2015-04-28T12:44:16","guid":{"rendered":"http:\/\/palinkafozes.sk\/?page_id=2384"},"modified":"2024-10-09T19:13:09","modified_gmt":"2024-10-09T17:13:09","slug":"uzemelesi-rendunk","status":"publish","type":"page","link":"https:\/\/palinkafozes.sk\/?page_id=2384","title":{"rendered":"\u00dczemel\u00e9si rend\u00fcnk"},"content":{"rendered":"<p>[et_pb_section fb_built=&#8221;1&#8243; admin_label=&#8221;section&#8221; _builder_version=&#8221;4.27.0&#8243; background_image=&#8221;https:\/\/palinkafozes.sk\/wp-content\/uploads\/2024\/10\/home_recipes_bg.jpg&#8221; global_colors_info=&#8221;{}&#8221;][et_pb_row admin_label=&#8221;row&#8221; _builder_version=&#8221;4.27.0&#8243; background_color=&#8221;#fcf9ef&#8221; background_size=&#8221;initial&#8221; background_position=&#8221;top_left&#8221; background_repeat=&#8221;repeat&#8221; custom_padding=&#8221;20px|20px|20px|20px|false|false&#8221; global_colors_info=&#8221;{}&#8221;][et_pb_column type=&#8221;4_4&#8243; _builder_version=&#8221;4.16&#8243; custom_padding=&#8221;|||&#8221; global_colors_info=&#8221;{}&#8221; custom_padding__hover=&#8221;|||&#8221;][et_pb_image src=&#8221;https:\/\/palinkafozes.sk\/wp-content\/uploads\/2015\/05\/pajzslogotextfinal.png&#8221; title_text=&#8221;pajzslogotextfinal&#8221; align=&#8221;center&#8221; _builder_version=&#8221;4.27.0&#8243; _module_preset=&#8221;default&#8221; global_colors_info=&#8221;{}&#8221;][\/et_pb_image][et_pb_text admin_label=&#8221;Text&#8221; _builder_version=&#8221;4.16&#8243; background_size=&#8221;initial&#8221; background_position=&#8221;top_left&#8221; background_repeat=&#8221;repeat&#8221; global_colors_info=&#8221;{}&#8221;]<\/p>\n<p><strong>a SzNT 467\/2002 Z.z. sz\u00e1m\u00fa t\u00f6rv\u00e9nye, a Szlov\u00e1k F\u00f6ldm\u0171vel\u00e9s\u00fcgyi Miniszt\u00e9rium 653\/2002\u00a0 Z.z. sz\u00e1m\u00fa rendelete, SzNT 105\/2004 Z.z. sz\u00e1m\u00fa t\u00f6rv\u00e9nye \u00e9s a Szlov\u00e1k P\u00e9nz\u00fcgy Miniszt\u00e9rium 226\/2004 Z.z. sz\u00e1m\u00fa rendelete \u00e9rtelm\u00e9ben hagytuk j\u00f3v\u00e1:<\/strong><\/p>\n<p><strong><\/strong><\/p>\n<ul>\n<li>A Szlov\u00e1k k\u00f6zt\u00e1rsas\u00e1g polg\u00e1ra \u2013 b\u00e9rf\u0151zet\u0151 \u2013 saj\u00e1t h\u00e1ztart\u00e1sa r\u00e9sz\u00e9re egy termel\u00e9si id\u0151szakban, ami foly\u00f3 \u00e9v j\u00falius 1 \u2013 t\u0151l, k\u00f6vetkez\u0151 \u00e9v j\u00fanius 30 \u2013 ig tart,<span>\u00a0<\/span><strong>43 la<\/strong><span>\u00a0<\/span>(la \u2013 1 liter abszolut szesz 100%) f\u0151zethet, amely ut\u00e1n 50% \u2013 al cs\u00f6kkentett j\u00f6ved\u00e9ki ad\u00f3 k\u00f6teles fizetni <span>7,452<\/span> EUR \/ la. E feletti mennyis\u00e9g eset\u00e9n a teljes ad\u00f3m\u00e9rt\u00e9k fizetend\u0151, ami +14,904 EUR \/ la.<\/li>\n<\/ul>\n<hr class=\" hr_color\" \/>\n<ul>\n<li>P\u00e1linkaf\u0151zd\u00e9nkben csak a m\u00e9rs\u00e9kelt \u00e9g\u00f6vi gy\u00fcm\u00f6lcs\u00f6kb\u0151l, gy\u00fcm\u00f6lcsborb\u00f3l, sz\u0151l\u0151borb\u00f3l vagy erdei gy\u00fcm\u00f6lcs\u00f6k alapanyag\u00e1b\u00f3l \u00e1ll\u00edttat el\u0151 b\u00e9rf\u0151z\u00f6tt p\u00e1rlatot.<\/li>\n<\/ul>\n<hr class=\" hr_color\" \/>\n<ul>\n<li>A p\u00e1linkaf\u0151z\u0151 \u00fczemeltet\u0151je csak a termel\u0151 \u00edr\u00e1sos k\u00e9rv\u00e9nye alapj\u00e1n veszi \u00e1t a cefr\u00e9j\u00e9t. A termel\u0151 a k\u00e9rv\u00e9ny nyomtatv\u00e1ny\u00e1t a b\u00e9rf\u0151zd\u00e9ben veheti \u00e1t.<\/li>\n<\/ul>\n<hr class=\" hr_color\" \/>\n<ul>\n<li>A cefre min\u0151s\u00e9g\u00e9\u00e9rt a termel\u0151 felel. A cefr\u00e9ben nem lehetnek semmilyen nem\u0171 szennyez\u0151d\u00e9sek \u2013 kemik\u00e1li\u00e1k, fadarabok, levelek, dr\u00f3tok, m\u0171anyagok stb.<\/li>\n<\/ul>\n<hr class=\" hr_color\" \/>\n<ul>\n<li>A cefre \u00e1tvev\u00e9sekor az \u00fczemeltet\u0151 ellen\u0151rzi annak mennyis\u00e9g\u00e9t, \u00e1llag\u00e1t, illat\u00e1t, \u00edz\u00e9t valamint az ed\u00e9nyek \u2013 hord\u00f3k min\u0151s\u00e9g\u00e9t. Amennyiben a cefre \u00e9rt\u00e9k\u00e9t vesz\u00edtette, vagy romlott, pen\u00e9szes, nem alkalmas a tov\u00e1bbi gy\u00e1rt\u00e1sra az \u00fczemeltet\u0151 nem veszi \u00e1t \u00e9s nem dolgozza fel.<\/li>\n<\/ul>\n<hr class=\" hr_color\" \/>\n<ul>\n<li>P\u00e1linkaf\u0151z\u0151 berendez\u00e9s\u00fcnk minimum 100 l cefre kif\u0151z\u00e9s\u00e9t teszi lehet\u0151v\u00e9, enn\u00e9l kisebb mennyis\u00e9g eset\u00e9n a termel\u0151 beleegyez\u00e9s\u00e9vel cefr\u00e9j\u00e9t hozz\u00e1tessz\u00fck azonos gy\u00fcm\u00f6lcsb\u0151l k\u00e9sz\u00fclt, k\u00fcls\u0151 meg\u00edt\u00e9l\u00e9s (\u00e1llag, illat, cukorfok) alapj\u00e1n azonos min\u0151s\u00e9g\u0171 cefr\u00e9hez. Ilyen esetben a\u00a0termel\u0151k k\u00f6zt ar\u00e1nyosan osztjuk el a\u00a0k\u00e9sz term\u00e9ket.<\/li>\n<\/ul>\n<hr class=\" hr_color\" \/>\n<ul>\n<li>P\u00e1linka f\u0151z\u00e9s idej\u00e9n az \u00fczemi ter\u00fcleten csak a p\u00e1linkaf\u0151z\u0151 alkalmazottjai \u00e9s az a\u00a0termel\u0151 tart\u00f3zkodhat, akinek a\u00a0cefr\u00e9j\u00e9t \u00e9pen p\u00e1rolj\u00e1k<\/li>\n<\/ul>\n<hr class=\" hr_color\" \/>\n<ul>\n<li>A\u00a0lep\u00e1rolt desztil\u00e1tot 30 napon bel\u00fcl k\u00f6teles a\u00a0termel\u0151je \u00e1tvenni \u00e9s \u00e1tvev\u00e9skor kifizetni a\u00a0szolg\u00e1ltat\u00e1s d\u00edj\u00e1t \u00e9s a\u00a0j\u00f6ved\u00e9ki ad\u00f3t. Ha a\u00a0megadott id\u0151n bel\u00fcl a\u00a0termel\u0151 nem veszi \u00e1t, a\u00a0kif\u0151z\u00f6tt p\u00e1rlatot, az \u00fczemeltet\u0151 jogosult kiadni azt valamelyik nagykor\u00fa csal\u00e1dtagj\u00e1nak aki felmutatja a\u00a0cefre \u00e1tvev\u00e9sekor \u00edrt k\u00e9rv\u00e9nyt a\u00a0p\u00e1linkaf\u0151z\u00e9sr\u0151l.<\/li>\n<\/ul>\n<hr class=\" hr_color\" \/>\n<ul>\n<li>A\u00a0termel\u0151 a saj\u00e1t ed\u00e9nyeibe veszi \u00e1t az elk\u00e9sz\u00fclt p\u00e1link\u00e1t. Amennyiben ig\u00e9ny mer\u00fcl fel, az \u00fczemeltet\u0151nek lehet\u0151v\u00e9 kell tenni a\u00a0p\u00e1rlat deguszt\u00e1l\u00e1s\u00e1t, mennyis\u00e9g\u00e9nek \u00e9s alkohol tartalm\u00e1nak ellen\u0151rz\u00e9s\u00e9t.<\/li>\n<\/ul>\n<hr class=\" hr_color\" \/>\n<ul>\n<li>A termel\u0151 k\u00f6teles mag\u00e1val vinni azokat az ed\u00e9nyeket \u2013 hord\u00f3kat is amelyekben a cefr\u00e9j\u00e9t hozta a f\u0151z\u00e9sre.<\/li>\n<\/ul>\n<hr class=\" hr_color\" \/>\n<ul>\n<li>Az \u00edgy\u00a0lep\u00e1rolt destil\u00e1t nem k\u00e9pezheti ad\u00e1sv\u00e9tel t\u00e1rgy\u00e1t<\/li>\n<\/ul>\n<hr class=\" hr_color\" \/>\n<ul>\n<li>A\u00a0p\u00e1linkaf\u0151z\u0151 alkalmazottai folyamatosan k\u00f6telesek betartani a\u00a0munkabiztons\u00e1gi el\u0151\u00edr\u00e1sokat, a\u00a0p\u00e1linkaf\u0151z\u00e9s technol\u00f3giai \u00e9s termel\u00e9si el\u0151\u00edr\u00e1sait valamint ezt az \u00fczemel\u00e9si rendszab\u00e1lyt.<\/li>\n<\/ul>\n<hr class=\" hr_color\" \/>\n<ul>\n<li>A\u00a0k\u00e9sz term\u00e9k min\u0151s\u00e9g\u00e9re vagy mennyis\u00e9g\u00e9re vonatkoz\u00f3 reklam\u00e1ci\u00f3kat a\u00a0Reklam\u00e1ci\u00f3s rend szerint kell megoldani, amelyet j\u00f3l l\u00e1that\u00f3 helyen kell elhelyezni a\u00a0p\u00e1linka f\u0151zde ter\u00fclet\u00e9n.<\/li>\n<\/ul>\n<hr class=\" hr_color\" \/>\n<ul>\n<li>Minden termel\u0151 aki ig\u00e9nybe szeretn\u00e9 venni a\u00a0termel\u0151i p\u00e1linkaf\u0151zde szolg\u00e1ltat\u00e1sait, k\u00f6teles megismerkedni ezen \u00dczemel\u00e9si rend rendelkez\u00e9sevel \u00e9s a\u00a0p\u00e1linkaf\u0151zde ter\u00fclet\u00e9n betartani \u0151ket.<\/li>\n<\/ul>\n<ul><\/ul>\n<p>[\/et_pb_text][\/et_pb_column][\/et_pb_row][\/et_pb_section]<\/p>\n","protected":false},"excerpt":{"rendered":"<p>a SzNT 467\/2002 Z.z. sz\u00e1m\u00fa t\u00f6rv\u00e9nye, a Szlov\u00e1k F\u00f6ldm\u0171vel\u00e9s\u00fcgyi Miniszt\u00e9rium 653\/2002\u00a0 Z.z. sz\u00e1m\u00fa rendelete, SzNT 105\/2004 Z.z. sz\u00e1m\u00fa t\u00f6rv\u00e9nye \u00e9s a Szlov\u00e1k P\u00e9nz\u00fcgy Miniszt\u00e9rium 226\/2004 Z.z. sz\u00e1m\u00fa rendelete \u00e9rtelm\u00e9ben hagytuk j\u00f3v\u00e1: A Szlov\u00e1k k\u00f6zt\u00e1rsas\u00e1g polg\u00e1ra \u2013 b\u00e9rf\u0151zet\u0151 \u2013 saj\u00e1t h\u00e1ztart\u00e1sa r\u00e9sz\u00e9re egy termel\u00e9si id\u0151szakban, ami foly\u00f3 \u00e9v j\u00falius 1 \u2013 t\u0151l, k\u00f6vetkez\u0151 \u00e9v j\u00fanius 30 [&hellip;]<\/p>\n","protected":false},"author":2,"featured_media":0,"parent":0,"menu_order":0,"comment_status":"open","ping_status":"open","template":"","meta":{"_et_pb_use_builder":"on","_et_pb_old_content":"&nbsp;\r\n\r\n<strong>a SzNT 467\/2002 Z.z. sz\u00e1m\u00fa t\u00f6rv\u00e9nye, a Szlov\u00e1k F\u00f6ldm\u0171vel\u00e9s\u00fcgyi Miniszt\u00e9rium 653\/2002\u00a0 Z.z. sz\u00e1m\u00fa rendelete, SzNT 105\/2004 Z.z. sz\u00e1m\u00fa t\u00f6rv\u00e9nye \u00e9s a Szlov\u00e1k P\u00e9nz\u00fcgy Miniszt\u00e9rium 226\/2004 Z.z. sz\u00e1m\u00fa rendelete \u00e9rtelm\u00e9ben hagytuk j\u00f3v\u00e1:<\/strong>\r\n<ul>\r\n \t<li>A Szlov\u00e1k k\u00f6zt\u00e1rsas\u00e1g polg\u00e1ra \u2013 b\u00e9rf\u0151zet\u0151 - saj\u00e1t h\u00e1ztart\u00e1sa r\u00e9sz\u00e9re egy termel\u00e9si id\u0151szakban, ami foly\u00f3 \u00e9v j\u00falius 1 \u2013 t\u0151l, k\u00f6vetkez\u0151 \u00e9v j\u00fanius 30 \u2013 ig tart, <strong>43 la<\/strong> (la \u2013 1 liter abszolut szesz 100%) f\u0151zethet, amely ut\u00e1n 50% - al cs\u00f6kkentett j\u00f6ved\u00e9ki ad\u00f3 k\u00f6teles fizetni 5,40 EUR \/ la. E feletti mennyis\u00e9g eset\u00e9n a teljes ad\u00f3m\u00e9rt\u00e9k fizetend\u0151, ami +5,40 EUR \/ la.<\/li>\r\n<\/ul>\r\n[hr height=\"30\" style=\"default\" line=\"default\" themecolor=\"1\"]\r\n<ul>\r\n \t<li>P\u00e1linkaf\u0151zd\u00e9nkben csak a m\u00e9rs\u00e9kelt \u00e9g\u00f6vi gy\u00fcm\u00f6lcs\u00f6kb\u0151l, gy\u00fcm\u00f6lcsborb\u00f3l, sz\u0151l\u0151borb\u00f3l vagy erdei gy\u00fcm\u00f6lcs\u00f6k alapanyag\u00e1b\u00f3l \u00e1ll\u00edttat el\u0151 b\u00e9rf\u0151z\u00f6tt p\u00e1rlatot.<\/li>\r\n<\/ul>\r\n[hr height=\"30\" style=\"default\" line=\"default\" themecolor=\"1\"]\r\n<ul>\r\n \t<li>A p\u00e1linkaf\u0151z\u0151 \u00fczemeltet\u0151je csak a termel\u0151 \u00edr\u00e1sos k\u00e9rv\u00e9nye alapj\u00e1n veszi \u00e1t a cefr\u00e9j\u00e9t. A termel\u0151 a k\u00e9rv\u00e9ny nyomtatv\u00e1ny\u00e1t a b\u00e9rf\u0151zd\u00e9ben veheti \u00e1t.<\/li>\r\n<\/ul>\r\n[hr height=\"30\" style=\"default\" line=\"default\" themecolor=\"1\"]\r\n<ul>\r\n \t<li>A cefre min\u0151s\u00e9g\u00e9\u00e9rt a termel\u0151 felel. A cefr\u00e9ben nem lehetnek semmilyen nem\u0171 szennyez\u0151d\u00e9sek \u2013 kemik\u00e1li\u00e1k, fadarabok, levelek, dr\u00f3tok, m\u0171anyagok stb.<\/li>\r\n<\/ul>\r\n[hr height=\"30\" style=\"default\" line=\"default\" themecolor=\"1\"]\r\n<ul>\r\n \t<li>A cefre \u00e1tvev\u00e9sekor az \u00fczemeltet\u0151 ellen\u0151rzi annak mennyis\u00e9g\u00e9t, \u00e1llag\u00e1t, illat\u00e1t, \u00edz\u00e9t valamint az ed\u00e9nyek \u2013 hord\u00f3k min\u0151s\u00e9g\u00e9t. Amennyiben a cefre \u00e9rt\u00e9k\u00e9t vesz\u00edtette, vagy romlott, pen\u00e9szes, nem alkalmas a tov\u00e1bbi gy\u00e1rt\u00e1sra az \u00fczemeltet\u0151 nem veszi \u00e1t \u00e9s nem dolgozza fel.<\/li>\r\n<\/ul>\r\n[hr height=\"30\" style=\"default\" line=\"default\" themecolor=\"1\"]\r\n<ul>\r\n \t<li>P\u00e1linkaf\u0151z\u0151 berendez\u00e9s\u00fcnk minimum 100 l cefre kif\u0151z\u00e9s\u00e9t teszi lehet\u0151v\u00e9, enn\u00e9l kisebb mennyis\u00e9g eset\u00e9n a termel\u0151 beleegyez\u00e9s\u00e9vel cefr\u00e9j\u00e9t hozz\u00e1tessz\u00fck azonos gy\u00fcm\u00f6lcsb\u0151l k\u00e9sz\u00fclt, k\u00fcls\u0151 meg\u00edt\u00e9l\u00e9s (\u00e1llag, illat, cukorfok) alapj\u00e1n azonos min\u0151s\u00e9g\u0171 cefr\u00e9hez. Ilyen esetben a\u00a0termel\u0151k k\u00f6zt ar\u00e1nyosan osztjuk el a\u00a0k\u00e9sz term\u00e9ket.<\/li>\r\n<\/ul>\r\n[hr height=\"30\" style=\"default\" line=\"default\" themecolor=\"1\"]\r\n<ul>\r\n \t<li>P\u00e1linka f\u0151z\u00e9s idej\u00e9n az \u00fczemi ter\u00fcleten csak a p\u00e1linkaf\u0151z\u0151 alkalmazottjai \u00e9s az a\u00a0termel\u0151 tart\u00f3zkodhat, akinek a\u00a0cefr\u00e9j\u00e9t \u00e9pen p\u00e1rolj\u00e1k<\/li>\r\n<\/ul>\r\n[hr height=\"30\" style=\"default\" line=\"default\" themecolor=\"1\"]\r\n<ul>\r\n \t<li>A\u00a0lep\u00e1rolt desztil\u00e1tot 30 napon bel\u00fcl k\u00f6teles a\u00a0termel\u0151je \u00e1tvenni \u00e9s \u00e1tvev\u00e9skor kifizetni a\u00a0szolg\u00e1ltat\u00e1s d\u00edj\u00e1t \u00e9s a\u00a0j\u00f6ved\u00e9ki ad\u00f3t. Ha a\u00a0megadott id\u0151n bel\u00fcl a\u00a0termel\u0151 nem veszi \u00e1t, a\u00a0kif\u0151z\u00f6tt p\u00e1rlatot, az \u00fczemeltet\u0151 jogosult kiadni azt valamelyik nagykor\u00fa csal\u00e1dtagj\u00e1nak aki felmutatja a\u00a0cefre \u00e1tvev\u00e9sekor \u00edrt k\u00e9rv\u00e9nyt a\u00a0p\u00e1linkaf\u0151z\u00e9sr\u0151l.<\/li>\r\n<\/ul>\r\n[hr height=\"30\" style=\"default\" line=\"default\" themecolor=\"1\"]\r\n<ul>\r\n \t<li>A\u00a0termel\u0151 a saj\u00e1t ed\u00e9nyeibe veszi \u00e1t az elk\u00e9sz\u00fclt p\u00e1link\u00e1t. Amennyiben ig\u00e9ny mer\u00fcl fel, az \u00fczemeltet\u0151nek lehet\u0151v\u00e9 kell tenni a\u00a0p\u00e1rlat deguszt\u00e1l\u00e1s\u00e1t, mennyis\u00e9g\u00e9nek \u00e9s alkohol tartalm\u00e1nak ellen\u0151rz\u00e9s\u00e9t.<\/li>\r\n<\/ul>\r\n[hr height=\"30\" style=\"default\" line=\"default\" themecolor=\"1\"]\r\n<ul>\r\n \t<li>A termel\u0151 k\u00f6teles mag\u00e1val vinni azokat az ed\u00e9nyeket - hord\u00f3kat is amelyekben a cefr\u00e9j\u00e9t hozta a f\u0151z\u00e9sre.<\/li>\r\n<\/ul>\r\n[hr height=\"30\" style=\"default\" line=\"default\" themecolor=\"1\"]\r\n<ul>\r\n \t<li>Az \u00edgy\u00a0lep\u00e1rolt destil\u00e1t nem k\u00e9pezheti ad\u00e1sv\u00e9tel t\u00e1rgy\u00e1t<\/li>\r\n<\/ul>\r\n[hr height=\"30\" style=\"default\" line=\"default\" themecolor=\"1\"]\r\n<ul>\r\n \t<li>A\u00a0p\u00e1linkaf\u0151z\u0151 alkalmazottai folyamatosan k\u00f6telesek betartani a\u00a0munkabiztons\u00e1gi el\u0151\u00edr\u00e1sokat, a\u00a0p\u00e1linkaf\u0151z\u00e9s technol\u00f3giai \u00e9s termel\u00e9si el\u0151\u00edr\u00e1sait valamint ezt az \u00fczemel\u00e9si rendszab\u00e1lyt.<\/li>\r\n<\/ul>\r\n[hr height=\"30\" style=\"default\" line=\"default\" themecolor=\"1\"]\r\n<ul>\r\n \t<li>A\u00a0k\u00e9sz term\u00e9k min\u0151s\u00e9g\u00e9re vagy mennyis\u00e9g\u00e9re vonatkoz\u00f3 reklam\u00e1ci\u00f3kat a\u00a0Reklam\u00e1ci\u00f3s rend szerint kell megoldani, amelyet j\u00f3l l\u00e1that\u00f3 helyen kell elhelyezni a\u00a0p\u00e1linka f\u0151zde ter\u00fclet\u00e9n.<\/li>\r\n<\/ul>\r\n[hr height=\"30\" style=\"default\" line=\"default\" themecolor=\"1\"]\r\n<ul>\r\n \t<li>Minden termel\u0151 aki ig\u00e9nybe szeretn\u00e9 venni a\u00a0termel\u0151i p\u00e1linkaf\u0151zde szolg\u00e1ltat\u00e1sait, k\u00f6teles megismerkedni ezen \u00dczemel\u00e9si rend rendelkez\u00e9sevel \u00e9s a\u00a0p\u00e1linkaf\u0151zde ter\u00fclet\u00e9n betartani \u0151ket.<\/li>\r\n<\/ul>","_et_gb_content_width":"","footnotes":""},"class_list":["post-2384","page","type-page","status-publish","hentry"],"_links":{"self":[{"href":"https:\/\/palinkafozes.sk\/index.php?rest_route=\/wp\/v2\/pages\/2384","targetHints":{"allow":["GET"]}}],"collection":[{"href":"https:\/\/palinkafozes.sk\/index.php?rest_route=\/wp\/v2\/pages"}],"about":[{"href":"https:\/\/palinkafozes.sk\/index.php?rest_route=\/wp\/v2\/types\/page"}],"author":[{"embeddable":true,"href":"https:\/\/palinkafozes.sk\/index.php?rest_route=\/wp\/v2\/users\/2"}],"replies":[{"embeddable":true,"href":"https:\/\/palinkafozes.sk\/index.php?rest_route=%2Fwp%2Fv2%2Fcomments&post=2384"}],"version-history":[{"count":15,"href":"https:\/\/palinkafozes.sk\/index.php?rest_route=\/wp\/v2\/pages\/2384\/revisions"}],"predecessor-version":[{"id":2722,"href":"https:\/\/palinkafozes.sk\/index.php?rest_route=\/wp\/v2\/pages\/2384\/revisions\/2722"}],"wp:attachment":[{"href":"https:\/\/palinkafozes.sk\/index.php?rest_route=%2Fwp%2Fv2%2Fmedia&parent=2384"}],"curies":[{"name":"wp","href":"https:\/\/api.w.org\/{rel}","templated":true}]}}